ite?
True
Is 10436659 a prime number?
False
Is 15033037 a prime number?
False
Is 13044377 a composite number?
False
Is 6195599 a prime number?
False
Is 21894563 a composite number?
False
Is 6040547 prime?
True
Is 4341157 composite?
False
Is 587311 prime?
False
Is 2185379 composite?
True
Is 2906801 a composite number?
False
Is 1603597 prime?
True
Is 277060291 prime?
True
Is 21445409 a prime number?
True
Is 223745827 composite?
False
Is 877601 prime?
True
Is 65515963 prime?
True
Is 328751 a composite number?
True
Is 166541 a prime number?
True
Is 200594257 prime?
True
Is 23115527 composite?
True
Is 11457149 a composite number?
True
Is 121034021 prime?
False
Is 17836807 a prime number?
False
Is 43362031 a prime number?
True
Is 352220497 composite?
False
Is 118623 a composite number?
True
Is 488626 a prime number?
False
Is 32961797 a composite number?
True
Is 12740037 prime?
False
Is 14153929 composite?
False
Is 278459 a prime number?
True
Is 10459537 a prime number?
False
Is 53013817 composite?
True
Is 3174641 composite?
False
Is 5441855 a prime number?
False
Is 148288831 composite?
False
Is 10484462 prime?
False
Is 6019061 prime?
True
Is 16624999 composite?
False
Is 329983 prime?
False
Is 3134209 a prime number?
False
Is 39356801 composite?
True
Is 2574303 composite?
True
Is 247324001 prime?
False
Is 284796709 composite?
False
Is 3788177 composite?
True
Is 211078697 a composite number?
True
Is 514787753 a composite number?
False
Is 2936327 prime?
True
Is 1107307 composite?
True
Is 16735717 a composite number?
True
Is 313010629 composite?
False
Is 637115 a prime number?
False
Is 23361101 a composite number?
False
Is 21762701 a composite number?
True
Is 777527 prime?
False
Is 13234541 prime?
True
Is 3718811 a prime number?
False
Is 38861357 a prime number?
False
Is 117785599 a composite number?
True
Is 79946677 prime?
False
Is 3205751 a prime number?
True
Is 177911551 a prime number?
True
Is 306604139 composite?
True
Is 5003909 a composite number?
False
Is 23884421 a composite number?
True
Is 4696357 a composite number?
False
Is 11602037 a prime number?
True
Is 32225279 a composite number?
False
Is 2607043 a composite number?
True
Is 3469157 composite?
True
Is 52477 a composite number?
True
Is 11995751 a composite number?
False
Is 8555483 prime?
False
Is 40990753 prime?
True
Is 57598531 a composite number?
False
Is 687817913 a prime number?
False
Is 471700489 prime?
False
Is 245051581 prime?
True
Is 2537627 prime?
True
Is 779823797 composite?
True
Is 12543239 a prime number?
False
Is 959083 composite?
False
Is 14550539 composite?
False
Is 440434 prime?
False
Is 103461298 a composite number?
True
Is 182466233 a prime number?
True
Is 3157593 prime?
False
Is 214391699 prime?
False
Is 309453593 a prime number?
False
Is 1393243 composite?
True
Is 103247554 a prime number?
False
Is 168005119 a composite number?
True
Is 750470761 a prime number?
False
Is 5426353 a prime number?
True
Is 13263067 a composite number?
False
Is 145266749 a prime number?
True
Is 19013035 a composite number?
True
Is 244950053 composite?
False
Is 34130857 a prime number?
True
Is 5132921 a composite number?
True
Is 233822093 a composite number?
True
Is 5245049 a composite number?
False
Is 7421119 composite?
True
Is 8854981 composite?
False
Is 3011705 a prime number?
False
Is 6878419 composite?
True
Is 1884677 a composite number?
False
Is 110882887 composite?
False
Is 47897623 prime?
False
Is 1750979 prime?
True
Is 1623703 a composite number?
True
Is 141912629 a composite number?
True
Is 34236563 prime?
True
Is 189234307 prime?
False
Is 876157 a composite number?
True
Is 102996499 a composite number?
False
Is 406859 a composite number?
False
Is 89176541 a composite number?
False
Is 22798661 a prime number?
False
Is 17778473 a composite number?
False
Is 10620083 prime?
False
Is 4341853 a prime number?
True
Is 394477567 a prime number?
False
Is 316643 prime?
False
Is 21682915 prime?
False
Is 7005979 composite?
False
Is 17778847 prime?
False
Is 2918261 composite?
False
Is 23699591 composite?
True
Is 51738833 a prime number?
True
Is 4299803 composite?
False
Is 8171947 prime?
False
Is 174026659 a composite number?
False
Is 13447477 prime?
True
Is 7034429 a prime number?
True
Is 25470782 prime?
False
Is 268163801 prime?
True
Is 790890851 a composite number?
False
Is 306209107 prime?
True
Is 46596923 a composite number?
False
Is 4610617 composite?
True
Is 250529299 a prime number?
False
Is 5157521 prime?
False
Is 4424171 a composite number?
False
Is 2997431 composite?
True
Is 31391663 a composite number?
False
Is 1302563 a prime number?
True
Is 14085437 a composite number?
False
Is 2921467 composite?
True
Is 52007 composite?
True
Is 3881557 a composite number?
True
Is 67447 a prime number?
True
Is 264725007 composite?
True
Is 14980399 composite?
True
Is 114236849 composite?
True
Is 63238673 prime?
True
Is 155649783 prime?
False
Is 2448271 prime?
False
Is 27841991 prime?
False
Is 1718911 prime?
False
Is 29409151 a prime number?
False
Is 1271321 a prime number?
True
Is 7523717 a composite number?
False
Is 184367 a prime number?
False
Is 327953 prime?
True
Is 28991029 composite?
True
Is 1610913 prime?
False
Is 1074049847 prime?
False
Is 273529313 a composite number?
False
Is 4973897 prime?
True
Is 5516353 a composite number?
True
Is 635559407 a prime number?
False
Is 11574273 a composite number?
True
Is 13985431 prime?
True
Is 2270201 a prime number?
True
Is 802437413 composite?
True
Is 3795178 composite?
True
Is 11638649 a composite number?
True
Is 100913 a prime number?
True
Is 1000829 a prime number?
True
Is 11438749 composite?
True
Is 189527113 composite?
True
Is 12441197 a prime number?
True
Is 4270265 prime?
False
Is 17567401 composite?
True
Is 37873753 a composite number?
True
Is 816289 a prime number?
False
Is 131056763 prime?
False
Is 1143007 a composite number?
True
Is 1576841 a prime number?
False
Is 5655569 composite?
False
Is 3405781 prime?
True
Is 938659 a prime number?
True
Is 154718671 a composite number?
False
Is 139084559 a prime number?
False
Is 68655149 a composite number?
True
Is 44889097 prime?
False
Is 3933091 a composite number?
False
Is 1883361 a prime number?
False
Is 472253953 composite?
True
Is 498577 a prime number?
True
Is 386399291 prime?
True
Is 13177787 a composite number?
True
Is 34544819 a composite number?
True
Is 14345601 composite?
True
Is 7559521 a composite number?
False
Is 858817 prime?
True
Is 4615847 composite?
True
Is 3928553 a prime number?
True
Is 366083 a prime number?
False
Is 36689821 a prime number?
False
Is 325459801 composite?
False
Is 4891429 composite?
False
Is 479971 composite?
False
Is 5493626 prime?
False
Is 123787 composite?
False
Is 113534087 a composite number?
False
Is 3082697 prime?
True
Is 819353911 composite?
False
Is 7633373 a composite number?
True
Is 176109889 prime?
True
Is 2087627 a composite number?
False
Is 1560371 prime?
True
Is 147304229 a composite number?
False
Is 2027821 composite?
False
Is 171509963 a composite number?
False
Is 239584727 a prime number?
True
Is 804305 prime?
False
Is 323323111 prime?
True
Is 180384019 composite?
True
Is 61564177 composite?
True
Is 3512389 a composite number?
False
Is 3037369 prime?
True
Is 491201131 prime?
True
Is 11058059 a prime number?
True
Is 36546245 prime?
False
Is 599983 a prime number?
True
Is 8616997 prime?
True
Is 18473251 prime?
False
Is 46370561 a prime number?
True
Is 183689057 prime?
True
Is 24162613 a composite number?
False
Is 2373463 composite?
False
Is 247967719 a prime number?
False
Is 387001 a composite number?
True
Is 14213041 prime?
False
Is 924953 a composite number?
True
Is 18144199 a composite number?
False
Is 6950407 prime?
False
Is 3333509 prime?
True
Is 290396903 a prime number?
True
Is 271293559 prime?
True
Is 63063323 composite?
True
Is 155373083 a composite number?
False
Is 13112563 composite?
False
Is 1733869 a composite number?
False
Is 2153693 a composite number?
False
Is 4916867 prime?
True
Is 5481059 a composite number?
True
Is 2269471 a composite number?
True
Is 4594927 a composite number?
True
Is 150681247 prime?
True
Is 8882233 composite?
False
Is 13705814 a prime number?
False
Is 200028611 prime?
True
Is 36675281 composite?
False
Is 2244